q - x*q. Let l(v) = -v - 11. Let m be l(-5). Give w(m).
-6
Let b(u) be the first derivative of 3*u**2/2 + 5*u + 219. Let z be 7/5 - (-12)/20. Suppose -4*n = -z*j - 3*j, 0 = -3*j - n - 17. Determine b(j).
-7
Let b(j) = -j**2 - 8*j - 2. Let u = -1245 + 1241. Calculate b(u).
14
Suppose 6 = -t - 5. Let p(l) = -l - 9. Let x be p(t). Let g(w) = w**2 - 2*w - 1. Calculate g(x).
-1
Let m(h) = -h**3 + h**2 + h - 6. Let c(u) = u**3 + 6*u**2 + 9*u - 4. Let f be c(-4). Let d(p) = -p**2 - 7*p + 8. Let v be d(f). Determine m(v).
-6
Let x(s) be the first derivative of s**4/2 - 4*s**3/3 + s**2 + s - 8. Suppose -t = -0*t - 2. Give x(t).
5
Let s be ((-58)/6 + 10)*-3. Let w(y) = -4*y**2 + 2. Determine w(s).
-2
Let d(k) = 4*k - 8. Let h(p) = -5*p + 9. Let j(t) = -4*d(t) - 3*h(t). Suppose 5*z = -2*w + 22 + 15, 2*w + 44 = 4*z. Let n be 0 - z/((-18)/8). Determine j(n).
1
Let w(o) be the first derivative of -2*o**2 + o - 15. Let j(k) = 5*k - 2. Let f(v) = -3*j(v) - 4*w(v). What is f(4)?
6
Let l = 828 + -830. Let r(q) = 5*q**2 + q + 2. Calculate r(l).
20
Let l(p) = -p + 14. Suppose -5*r + 2*i + 35 + 16 = 0, -4 = -2*i. Give l(r).
3
Suppose -8*k + 28 = 6*k. Suppose -5 + 1 = -k*y. Let w(h) be the first derivative of h**4/4 - h**3 + h**2/2 - h - 1. Determine w(y).
-3
Let f = -58 - -60. Suppose -24 = -5*u + v, u = f*v - v + 4. Let k(r) = -r + 4. Determine k(u).
-1
Let g(p) be the third derivative of p**5/20 - p**4/12 + p**3 - 4*p**2. Let n(a) = 7*a**2 - 3*a + 12. Let t(w) = 5*g(w) - 2*n(w). Let m = -3 - -7. Give t(m).
6
Let w be (-4)/14 + (-46)/(-14). Let g = 4 - w. Suppose -5*d - g = -p, 0 = -5*d + 3*p + p + 11. Let h(j) = -5*j**2 - 1. Give h(d).
-6
Let r(h) = -h**3 + 7*h**2 + 10*h - 20. Let g be r(8). Let t(b) = 10*b**2 + 5*b - 13. Let q(a) = -3*a**2 - 2*a + 4. Let w(i) = -7*q(i) - 2*t(i). What is w(g)?
-2
Let i(a) = a**2 - 9*a - 7. Let d be i(10). Let q(v) = v**3 + 4 - 136*v - 3*v**2 + 268*v - 136*v. What is q(d)?
-8
Let k(w) = w**3 - 4*w**2 - 65*w - 5*w**2 + 1 + 2*w**2 + 72*w. What is k(6)?
7
Let c(y) = -y**2 - 13*y - 22. Suppose -13 = 2*g - 9*q + 6*q, g - 3*q + 2 = 0. What is c(g)?
0
Suppose 0 = -3*s - 2*s + 15. Suppose -2*g = -2*b - 3*b + 15, 3*b - 10 = g. Let t(u) = u + b + s - 3. Calculate t(-4).
1
Let x(t) = 80*t**2 - 128*t**2 + 34*t**2 - 1 - 2*t. What is x(-1)?
-13
Let w(k) = 2*k**2 - 9*k + 19. Let t(o) = -o**2 + 5*o - 10. Let h(b) = -5*t(b) - 3*w(b). Let m(f) = 146*f - 725. Let c be m(5). Give h(c).
-22
Suppose -5*d + 5*q + 30 = 0, 0*d = -2*d - q. Suppose -4*m + 56 = -d*y + 22, 2*y - 2*m + 28 = 0. Let p(b) = b + 14. What is p(y)?
3
Let m(f) = 3*f**2 - 2*f + 1. Let z = 35 + -55. Let j be (-32)/z - 6/(-15). Calculate m(j).
9
Let w(b) = 37*b + 17. Let v(i) = 21*i + 10. Let h(d) = 5*v(d) - 3*w(d). Suppose -3 = 5*q + 2. Determine h(q).
5
Let z = -529 - -533. Let a(s) = s**2 + 6*s - 4. Determine a(z).
36
Let l be 124*(-3)/8*(-14)/21. Suppose 15*t = 2*i + 13*t - 20, -4*i + t = -l. Let h(j) = j**3 - 6*j**2 - 9*j + 5. Give h(i).
-9
Let l(a) be the first derivative of a**3/6 - 7*a**2/2 + 10*a - 34. Let r(h) be the first derivative of l(h). What is r(10)?
3
Let o = -16 - -35. Suppose a + 7 = v, 3*v - o = a - 2. Let x(d) = -v*d - 3*d**3 + 3*d**3 + 4 + d**3 + 5*d**2. Give x(-6).
-2
Let b(l) = 3*l - 4. Let m be b(8). Suppose 0 = 4*w - m, -k = -2*k + 5*w - 28. Let h(f) = 3*f**2 + 6*f + 3 - 3*f - 2*f + f**3 - 1. What is h(k)?
-1
Let h = -211 + 207. Let c(v) = 2*v + 6. Give c(h).
-2
Let o(z) = 12*z + 10. Let b(s) = 15*s + 9. Let y(h) = 5*b(h) - 6*o(h). What is y(6)?
3
Suppose 11 - 15 = -2*i. Let l(o) = 4 - 8*o + o + 11*o + o**i. Determine l(-3).
1
Suppose 5*j + 22 = -93. Let l = 41 + j. Let k = -20 + l. Let n(v) = v**3 - v. What is n(k)?
-6
Let l = 332 + -332. Let u(x) be the third derivative of -x**5/60 + x**4/24 + 4*x**3/3 - 2*x**2. Give u(l).
8
Let i(c) = -c**3 - 2*c**2 + 4*c + 1. Suppose q + 15 = -5*n, -5*q + 0*n - 12 = 4*n. Suppose -7*g + g - 18 = q. Determine i(g).
-2
Suppose 34*v = 21*v - 52. Let h be 2/7 + (-2)/7. Let f(n) = -3 + n + 0*n + h*n. What is f(v)?
-7
Suppose m - 4*d - 8 = 0, -5*d - 25 = 4*m - 2*d. Let z(h) = h**2 + 6*h + 4. Calculate z(m).
-4
Let y(f) be the second derivative of f**5/2 - f**3/6 - f**2/2 + 6*f. Let o(s) = -2*s**2 + 12*s - 11. Let b be o(5). Give y(b).
-10
Let a(j) = j - 10. Let y be a(5). Let p(o) = -o**3 + 5*o**2 - 3. Let r(u) = 4*u**3 - 15*u**2 + 9. Let z(i) = 7*p(i) + 2*r(i). What is z(y)?
-3
Suppose 5*o - 2*o - 12 = 0. Suppose 22 = o*b - 14. Let v be b/12*-1*-8. Let r(j) = j**3 - 6*j**2 - 3. Calculate r(v).
-3
Let l = -41 - -52. Let y(h) = 2*h**2 + h - 10. Let o(k) = k**2 + k - 5. Let a(z) = l*o(z) - 6*y(z). Let n = -15 - -21. Give a(n).
-1
Let s = -139 - -130. Let r(m) = -m**2 - 9*m - 7. Give r(s).
-7
Let s(i) = 2*i - 7. Let u = 2384 - 2388. Give s(u).
-15
Let y(b) = 12 - 19 + 34*b - 35*b. Let n = -3 - 2. Give y(n).
-2
Let t(o) = -2*o + 3*o + 0*o + 2. Let g(b) be the first derivative of b**2/2 + b - 80. Let u(n) = 3*g(n) - t(n). What is u(2)?
5
Let g(y) = y**3 - y - 21. Let c be g(0). Let z be (18/c)/(1/7). Let r(l) = 14 - l - 8 - 6. Calculate r(z).
6
Let m(g) = -g**2 - 5*g + 3. Let w(o) = -6*o**2 + 38*o - 19. Let n be w(6). What is m(n)?
-11
Let b(f) = 16*f**3 - 26*f**2 - 21*f - 17. Let u(a) = -3*a**3 + 5*a**2 + 4*a + 3. Let z(w) = -2*b(w) - 11*u(w). Give z(4).
9
Let b(u) = u**3 + 4*u**2 - 3*u - 4. Let p be (-4)/18 + -1 + (-215)/45. Let g be p/(-4) + (-1)/(6/33). Give b(g).
8
Suppose -39 - 77 = -4*x. Suppose 1 = 5*w - x. Let y(d) = -2 + 4*d - w*d + d. What is y(-2)?
0
Let k(m) = m + 7. Let q be k(0). Let u(t) = -t**2 - q*t + 3 - 4 + 3 + 0*t**2. Calculate u(-7).
2
Let o(l) = l + 2. Let g be o(-4). Suppose 0 = 46*m + 10 - 102. Let f be (-4)/((-5)/m - g). Let u(r) = -r**3 + 7*r**2 + 7*r + 1. Calculate u(f).
-7
Let y(h) be the third derivative of -h**4/24 - 4*h**2. Suppose -5*u + 4 = -4*g - 9, 5*u + 8 = g. Determine y(g).
7
Let s = -11 + 14. Suppose s = 5*a - 37. Let l(u) = 10 + a*u + 4*u**2 - 7 - 6*u. Calculate l(-2).
15
Let i be 3/(-1) - (3 - 11). Let k(m) = 3*m - 10. Calculate k(i).
5
Let g(i) = i - 6. Let y be g(3). Let q(a) be the third derivative of -a**6/120 - a**5/20 - a**4/24 + a**3/3 - a**2 - 655*a. Determine q(y).
5
Let t(l) be the third derivative of 0*l + 0 - 6*l**2 + 0*l**3 + 1/12*l**4. Give t(-5).
-10
Let z be (-2)/((-4)/6) + 7 + -2. Suppose z*f + f + 45 = 0. Let a(o) = 2*o + 4. Calculate a(f).
-6
Let x be 1*-1*-3*10/15. Let d(j) = 3*j + 15 - 3 + 0 - 7 - j**x. Suppose 1 = -2*w + 9. What is d(w)?
1
Suppose r - 2 = 6. Let z(y) = 45*y - 21*y - 17*y + 5 - y**2. What is z(r)?
-3
Let q(v) be the third derivative of v**5/60 - v**4/8 + 3*v**2 - 27. Give q(4).
4
Let l(w) = 3*w - 2. Suppose 2*m + 8*m - 30 = 0. Let t(f) = -2*f + 2. Let o(r) = m*l(r) + 4*t(r). Give o(4).
6
Let o(g) = -g - 3*g + g**2 + 7*g - 2*g + 5. Give o(0).
5
Let n(b) = b**3 + 11*b**2 + 10*b - 10. Suppose -4*r + 4 + 58 = -5*x, 2*r = 3*x + 36. Give n(x).
-10
Let n(t) be the second derivative of -t**6/720 - t**4/4 - 23*t. Let c(r) be the third derivative of n(r). Determine c(-7).
7
Let d(m) = -m**2 + 4*m + 10. Let v = -26 - -47. Suppose -7*j + 4*j = -v. Give d(j).
-11
Let y(i) = -i - 2. Let j(m) = 3*m - 1. Let k be j(1). Suppose 2*f = -3*n - 0 + 5, 2*n = -k. Calculate y(f).
-6
Let t(n) = -1 + 0*n + 12*n**2 - 2*n - 5*n**2. Let b be (0 + 2/(-4))/((-2)/(-4)). Determine t(b).
8
Let p = -64 - -64. Let t(n) = n + 17 - 6 - 12 - 3. Determine t(p).
-4
Let u(r) = -r**3 - 11*r**2 - 9*r + 13. Suppose 26 = -3*z + 3*b + 11, 0 = 3*z - 2*b + 20. Calculate u(z).
3
Let g(s) = s**3 - 10*s**2 + 19*s - 5. Let t(a) = -3*a**2 + 12*a + 23. Let d be t(5). What is g(d)?
19
Let y(g) = 4*g**2 - 2*g - 1. Let o = 24 - 15. Let r = o + -5. Let d be (3/12)/((-1)/r). Give y(d).
5
Let x(c) = -c**2 + 6*c - 2. Let r be x(5). Suppose -r*q + 5*l - 3 = 0, 2*q - 5*l - 2 = 1. Let d(p) = 2*p + 1. Calculate d(q).
-11
Let n(t) = 2*t**3 - 2*t**2 + 3*t + 2. Let u(b) = b**3 - 3 + 3 + b + 1 - b**2. Suppose 3*v = 5 + 1, -3*i - 2*v = -10. Let x(q) = i*n(q) - 5*u(q). Give x(2).
-3
Let t(s) = -s**3 - 4*s**2 - s + 4. Suppose 6 = -7*z + 6*z. Let d be 8/z*(2 + (1 - 0)). Determine t(d).
8
Let j(z) be the first derivative of -z**4/4 + z**3/3 - z**2/2 + 16*z - 1. Let b = 36 - 36. Determine j(b).
16
Let c(a) be the second deri